Is 1669153 a composite number?
True
Is 221393 prime?
True
Is 132917 composite?
True
Is 16871 a composite number?
False
Is 872219 composite?
True
Is 7187 a composite number?
False
Is 307813 a prime number?
False
Is 644719 prime?
False
Is 2497 a prime number?
False
Is 42631 a prime number?
False
Is 9489 composite?
True
Is 2206 a composite number?
True
Is 79229 composite?
False
Is 370469 prime?
False
Is 803831 a composite number?
True
Is 1703 composite?
True
Is 104018 a composite number?
True
Is 10639 composite?
False
Is 1637 composite?
False
Is 11099 a prime number?
False
Is 239521 a composite number?
False
Is 43223 prime?
True
Is 14363 composite?
True
Is 1591 a composite number?
True
Is 22291 a composite number?
False
Is 280039 prime?
False
Is 29363 prime?
True
Is 17377 a composite number?
False
Is 14107 composite?
False
Is 1166849 a prime number?
True
Is 98138 a composite number?
True
Is 87403 composite?
False
Is 23921 composite?
True
Is 22739 a prime number?
True
Is 471622 composite?
True
Is 16871 a composite number?
False
Is 6689 a composite number?
False
Is 5567 a prime number?
False
Is 25391 composite?
False
Is 140717 prime?
True
Is 8329 a prime number?
True
Is 18671 prime?
True
Is 1053301 composite?
False
Is 77 prime?
False
Is 3847 composite?
False
Is 40693 prime?
True
Is 53421 prime?
False
Is 6502 a composite number?
True
Is 14159 a composite number?
False
Is 2777 a prime number?
True
Is 22421 prime?
False
Is 50359 a composite number?
False
Is 38993 a composite number?
False
Is 6757 a composite number?
True
Is 177467 prime?
True
Is 986707 a composite number?
False
Is 158549 composite?
True
Is 156958 a composite number?
True
Is 106611 a composite number?
True
Is 1943 prime?
False
Is 141731 composite?
False
Is 4349 a composite number?
False
Is 22271 prime?
True
Is 1730809 composite?
False
Is 69469 a composite number?
True
Is 10783 a composite number?
True
Is 1501 prime?
False
Is 290109 prime?
False
Is 21077 a composite number?
True
Is 2777387 a composite number?
False
Is 3203 a composite number?
False
Is 356077 composite?
False
Is 365903 a composite number?
False
Is 96467 composite?
True
Is 1069 a prime number?
True
Is 1273 composite?
True
Is 941 composite?
False
Is 22565 a composite number?
True
Is 121477 prime?
False
Is 3040469 prime?
True
Is 6491 a composite number?
False
Is 247291 a prime number?
False
Is 3111755 a composite number?
True
Is 3137 a composite number?
False
Is 69943 a prime number?
False
Is 49418 prime?
False
Is 7507 a composite number?
False
Is 109299 a composite number?
True
Is 507523 a prime number?
True
Is 783358 a composite number?
True
Is 4361171 a prime number?
True
Is 16143 a composite number?
True
Is 451018 a prime number?
False
Is 19739 a composite number?
False
Is 133894 composite?
True
Is 34851 a prime number?
False
Is 109159 a composite number?
False
Is 679531 a prime number?
True
Is 293311 composite?
False
Is 4464113 a prime number?
False
Is 127879 composite?
True
Is 194777 a prime number?
False
Is 1150649 prime?
True
Is 67835 composite?
True
Is 1256615 a composite number?
True
Is 3743 composite?
True
Is 920701 prime?
True
Is 457499 a composite number?
True
Is 2069534 a prime number?
False
Is 120221 a prime number?
False
Is 331 a prime number?
True
Is 35279 a composite number?
False
Is 8665 a composite number?
True
Is 1517627 prime?
True
Is 254959 a prime number?
True
Is 397799 prime?
True
Is 1276809 a composite number?
True
Is 17567 a composite number?
True
Is 113 composite?
False
Is 99413 composite?
True
Is 45749 a prime number?
False
Is 575753 composite?
False
Is 6973 a composite number?
True
Is 1397 prime?
False
Is 143841 a composite number?
True
Is 195493 composite?
False
Is 37691 composite?
False
Is 19541 prime?
True
Is 74335 a prime number?
False
Is 10207 composite?
True
Is 7997 a composite number?
True
Is 412681 a prime number?
False
Is 415343 a composite number?
False
Is 630137 prime?
False
Is 219973 composite?
True
Is 209 a prime number?
False
Is 25097 a composite number?
False
Is 5779 prime?
True
Is 198634 composite?
True
Is 1201 composite?
False
Is 1535 a composite number?
True
Is 32203 a composite number?
False
Is 24439 composite?
False
Is 46993 a composite number?
False
Is 13643 a composite number?
True
Is 31847 composite?
False
Is 85883 a prime number?
False
Is 48617 composite?
True
Is 55423 a prime number?
False
Is 355253 composite?
True
Is 208279 composite?
False
Is 185417 a composite number?
True
Is 795203 a composite number?
False
Is 214129 prime?
True
Is 765601 a prime number?
False
Is 1345 a composite number?
True
Is 11658157 a prime number?
False
Is 17551 a prime number?
True
Is 15559 composite?
False
Is 223415 prime?
False
Is 106291 a composite number?
False
Is 313931 prime?
True
Is 69461 composite?
True
Is 30881 prime?
True
Is 15909 composite?
True
Is 108233 a composite number?
False
Is 4327 a composite number?
False
Is 101245 a composite number?
True
Is 9257 composite?
False
Is 151511 a composite number?
True
Is 107441 composite?
False
Is 100583 a prime number?
False
Is 143731 a prime number?
False
Is 26347 a prime number?
True
Is 82339 a composite number?
False
Is 28195 composite?
True
Is 60811 a prime number?
True
Is 574391 composite?
True
Is 45233 prime?
True
Is 52067 composite?
False
Is 49853 composite?
False
Is 9637 a prime number?
False
Is 2903 composite?
False
Is 2101 prime?
False
Is 1483 composite?
False
Is 200449 a prime number?
False
Is 76871 prime?
True
Is 112019 a composite number?
False
Is 8779 a composite number?
False
Is 361091 composite?
False
Is 259801 composite?
False
Is 26498 prime?
False
Is 1242247 a composite number?
True
Is 18317 composite?
True
Is 105403 prime?
False
Is 2701 a prime number?
False
Is 99521 a composite number?
True
Is 53779 composite?
True
Is 11467 a prime number?
True
Is 12715 a prime number?
False
Is 506411 composite?
True
Is 109609 composite?
False
Is 2023783 composite?
False
Is 5666 composite?
True
Is 255551 composite?
False
Is 1007707 composite?
True
Is 258019 a prime number?
True
Is 9357 prime?
False
Is 550502 composite?
True
Is 10533 prime?
False
Is 233663 prime?
True
Is 1193 prime?
True
Is 647 a composite number?
False
Is 589287 composite?
True
Is 19571 a prime number?
True
Is 2870873 a composite number?
True
Is 6053 prime?
True
Is 255173 a prime number?
True
Is 9239 a composite number?
False
Is 68351 prime?
True
Is 34841 a composite number?
False
Is 42557 a prime number?
True
Is 88997 a prime number?
True
Is 10289 composite?
False
Is 374159 a composite number?
False
Is 69883 a composite number?
True
Is 296299 composite?
False
Is 4267 prime?
False
Is 1261 composite?
True
Is 41461 prime?
False
Is 185323 a composite number?
False
Is 1055 a composite number?
True
Is 234277 a composite number?
True
Is 866911 composite?
True
Is 223 a composite number?
False
Is 29411 a composite number?
False
Is 74089 a prime number?
False
Is 32483 a composite number?
True
Is 69991 composite?
False
Is 632189 a composite number?
False
Is 448519 a composite number?
False
Is 53569 composite?
False
Is 572009 composite?
True
Is 867817 a prime number?
True
Is 14367 prime?
False
Is 76205 prime?
False
Is 16817 a prime number?
False
Is 675473 prime?
False
Is 15053 composite?
False
Is 2731 prime?
True
Is 232769 composite?
True
Is 18151 composite?
True
Is 19529 a prime number?
False
Is 5951 prime?
False
Is 7177 a prime number?
True
Is 247633 composite?
False
Is 29327 a prime number?
True
Is 9647 composite?
True
Is 48973 a composite number?
False
Is 27611 prime?
True
Is 1664126 a prime number?
False
Is 23417 composite?
False
Is 52727 composite?
False
Is 189901 a prime number?
True
Is 919 a prime number?
True
Is 1444767 prime?
False
Is 43499 prime?
True
Is 258827 composite?
False
Is 572519 a composite number?
False
Is 530155 composite?
True
Is 30313 prime?
True
Is 3511 composite?
False
Is 409939 prime?
False
Is 20039 prime?
False
Is 2927 prime?
True
Is 1070193 a prime number?
False
Is 328682 prime?
False
Is 863609 composite?
False
Is 42829 prime?
True
Is 1304063 composite?
True
Is 7607 a composite number?
False
Is 2587 a composite number?
True
Is 13263 a prime number?
False
Is 6163 a composite number?
False
Is 1192133 composite?
True
Is 217643 a prime number?
True
Is 1